ber?
True
Let m(w) = w. Let g be m(4). Suppose 3*r = f - 2*f - 6, -g*f = 2*r + 4. Suppose 5*y = -f*y + 285. Is y composite?
True
Suppose -2*g = 229 - 1697. Is g composite?
True
Let m(f) = -5*f**3 + 4*f**2 + 8*f + 9. Is m(-5) a prime number?
False
Suppose 3*w = -21 + 87. Is w a composite number?
True
Suppose -51 = 5*a - 1566. Is a composite?
True
Is 2804*(20/16 - 1) a composite number?
False
Suppose 4*l - 4*k = 0, 4*k + 3 = -0*l + l. Let f = 6 + l. Is f/(-2)*126/(-35) a composite number?
True
Is (-17124)/(-15) - (1 - (-4)/(-10)) a prime number?
False
Let c(h) = 5*h**2 + h + 4. Is c(-3) composite?
True
Is 1270/6 - (-4)/(-6) a prime number?
True
Suppose 19654 = 6*v + 2248. Is v a composite number?
True
Suppose -2*h + 1012 = 2*h. Is h a prime number?
False
Is (3 - 0) + -4 + 440/1 composite?
False
Let k(h) = h**3 + 3*h**2 + 3. Let z be k(-3). Suppose 3*j - 12 = 0, -i + 4*j - 42 = -z*i. Suppose 3*t - i = 188. Is t a composite number?
False
Let y = 27 + -23. Suppose -5*g = -2*s - 296 - 763, -g = y*s - 203. Is g a prime number?
True
Let c = 2079 - -1022. Is c composite?
True
Suppose 0 = -4*k + 68 + 360. Let a = 266 - k. Is a prime?
False
Let s = -82 + -27. Let r = -24 - s. Is r a composite number?
True
Suppose -2*v + x = -358 - 240, -4*x = 3*v - 897. Is v composite?
True
Let j(x) = -x**2 - 2*x + 69. Is j(0) prime?
False
Let f(t) = -340*t + 1. Is f(-1) a prime number?
False
Suppose 24 = 4*w + 4*f - 0*f, 3*w = -2*f + 17. Let l(j) = j**2 + j + 3. Is l(w) composite?
True
Let v be (13 + (2 - 1))*1. Let l = -8 + v. Is l prime?
False
Let q(z) = z**3 + 5*z**2 + 5*z + 6. Let o be q(-4). Is o*1/4*22 prime?
True
Let m(k) = -k - 1. Let c(d) = -d**2 + 6*d + 12. Let w(n) = -c(n) - 2*m(n). Suppose -2*q + 5*g + 13 = 0, -3*q + 21 = 5*g - 11. Is w(q) composite?
True
Suppose v + 2039 = 2*v. Is v a composite number?
False
Let g(c) = -2*c**2 - 2*c + 1. Let z be g(1). Let v(n) = n**2 - 3. Is v(z) composite?
True
Suppose -207 = -4*z + z. Is z a prime number?
False
Let d(h) = -h + 1. Let q(g) = 58*g**2 + 5*g - 2. Let x(u) = -4*d(u) - q(u). Let b(z) be the first derivative of x(z). Is b(-1) a composite number?
True
Let c(x) = 10*x**2 + 20 + 4*x**2 - 17 + 2*x. Is c(-2) a prime number?
False
Let s = -187 + 365. Is s a composite number?
True
Let s(u) = 2*u - 8 + 0*u + u + 0*u. Is s(7) composite?
False
Let h(i) be the second derivative of 0 + 1/10*i**5 + 4*i + 1/12*i**4 + 1/2*i**2 - 1/6*i**3. Is h(2) a prime number?
True
Suppose 0 = w + 2*w + 2*h - 1372, 4*w + 3*h = 1831. Is w composite?
True
Is (-58*27)/(-6) - 2 a prime number?
False
Suppose 0 = 4*g + s - 615, -2*g + 611 = 2*g + 5*s. Let k be (-4716)/45 + 3/(-15). Let o = g + k. Is o prime?
False
Is (-5)/25 - 1113/(-15) prime?
False
Is (7/(-3))/(4/(-996)) composite?
True
Let v = -2 + 0. Let t(a) = 2*a**2 + 2*a - 2. Let w be t(v). Suppose -170 = -p - w*q - 45, -247 = -2*p - 5*q. Is p composite?
False
Let f(z) = 306*z**2 - z + 2. Is f(1) composite?
False
Let c be (-2)/1*-4 + -2. Suppose 5*p - c = 3*p. Suppose -p*w + 140 + 145 = 0. Is w a composite number?
True
Suppose -y + 2*y = -3*l, 5*y - 12 = -3*l. Is l/4 + 6876/48 prime?
False
Suppose -4*z + 2*g = 232, 4*z + g + 256 = -3*g. Let u = z - -271. Is u a prime number?
True
Suppose -4*m - m + 2*q = -743, 0 = -2*m + 2*q + 296. Is m prime?
True
Let w = -27 - -80. Is w a composite number?
False
Is (22 - 2)*5 - (-3 - -6) a composite number?
False
Let w be 4/12 + 173/3. Let l = 101 - w. Suppose 4*y - l = 153. Is y prime?
False
Let t(z) = -z**3 + z**2 + z + 331. Is t(0) prime?
True
Let o(p) = -13*p**2 + p - 13. Let w be o(-12). Is 6/(-8) + w/(-28) a composite number?
False
Let b(g) = g**2 - 2*g - 3. Suppose 3 = 3*o - 6. Let y be b(o). Suppose y = l - 2*l + 35. Is l prime?
False
Let y(o) = -o**3 + 12*o**2 - 4*o - 1. Let g be y(6). Suppose -2*s = s - 5*v - g, 2*s - 102 = -3*v. Is s a prime number?
False
Let n(a) = 17*a + 13. Is n(8) prime?
True
Let m = -89 - -246. Is m prime?
True
Let w = 1 + -1. Let v = w - 4. Let a = v - -51. Is a a prime number?
True
Let q(j) = 58*j**2 - j - 1. Is q(-1) a prime number?
False
Suppose 0*d - 4*d + 5*r - 7 = 0, 2*d + 10 = -4*r. Let y be (d/4)/(1/12). Let l(o) = o**3 + 10*o**2 - 5*o - 7. Is l(y) a prime number?
False
Suppose 5*z = 4*z + 451. Is z composite?
True
Suppose -b - b - 6 = -2*r, 0 = -5*r - b + 21. Let x(k) = 7*k - 6. Let s be x(5). Suppose r*g - 80 = -g - 5*y, -2*g = 3*y - s. Is g a prime number?
True
Suppose 5*u - 2*l + 0*l = 1035, -4*u - 4*l + 800 = 0. Is u a prime number?
False
Let i = -1076 - -2120. Let g = i + -653. Is g a prime number?
False
Let z(g) = -2*g + 3. Is z(-8) composite?
False
Let j = -51 + 177. Suppose 5*i = -4*s + 205, 3*i + 6*s - j = 3*s. Is i prime?
True
Let i = 437 - 139. Is i prime?
False
Let n = 723 + -460. Is n a prime number?
True
Let l = 93 + 15. Let k = l + 109. Is k composite?
True
Suppose 10*v - 9 = 7*v. Suppose -v*b - 3*d + 18 = 0, 3*b - 3*d - 10 = -4*d. Suppose 3*l = -i + 256, -4*i - b*l = -i - 775. Is i composite?
True
Let f = -232 - -143. Let i = f - -148. Is i prime?
True
Let q(p) = 14*p**2 + 2*p - 1. Suppose 3*s + 0*x = 3*x + 21, -5*s + 4*x = -35. Suppose -2*g = -3*v, 4*g - 3*v - 20 = -s*v. Is q(g) a composite number?
False
Let w be 0 - -107 - (2 - 0). Suppose -u = -5*u. Suppose k - 2*k - 2 = u, 5*o - 5*k - w = 0. Is o a composite number?
False
Let z be (-1)/1*(-1)/(-1). Let i(m) = -5*m**2 - m. Let p be i(1). Is p*30/(-9) - z a composite number?
True
Is (-4917)/(-22) - 1/2 a prime number?
True
Let u be 32*((-19)/(-2) + -1). Let c = -187 + u. Let r = 162 - c. Is r a prime number?
False
Let h(g) = 296*g**3 - g + 1. Let o be h(1). Let f = -207 + o. Is f a prime number?
True
Suppose y = -2*a + 3*a - 3, 2*y = a - 2. Suppose -2*s + 11 = 2*w - y, -4 = -s. Suppose 4*v - 252 = -4*l, l - 48 = -w*v + 11. Is l composite?
False
Suppose -5*y = -y - 5044. Is y a prime number?
False
Let u = 8 + 59. Let d = u + 60. Is d a composite number?
False
Suppose -3*v = -4*v + 497. Is v composite?
True
Suppose -5*a - 1433 = 2237. Is a/(-10) + (-9)/(-15) a composite number?
True
Let v(w) = -w**2 - 3*w + 4. Let u be v(-4). Is (u + 47/3)*21 composite?
True
Suppose -4*g = 2*g - 870. Is g composite?
True
Let j = 36 - 1. Is j prime?
False
Let d(m) = m**3 + 6*m**2 - 3*m - 4. Is d(-6) prime?
False
Let q be (-5)/3*(-239 + 2). Let l = -234 + q. Is l prime?
False
Suppose -3*a - 141 = -4*a. Is a composite?
True
Suppose -5*j + 436 = -3*t + 5*t, -t - 341 = -4*j. Is j a prime number?
False
Let w be 3 + 6*56/12. Suppose -21 = -2*j + w. Is j a prime number?
False
Let c be 2/3 - 394/(-3). Suppose -4*s + 2*n - 274 = c, 501 = -5*s - 4*n. Let x = -66 - s. Is x a composite number?
True
Let f be (3/(-6))/((-2)/(-4)). Let n be 144/2 + (f - 1). Suppose -5*o = -3*o - n. Is o a prime number?
False
Suppose -3*v + g + 4 = 0, v + 2 = 3*g - 2*g. Suppose 4*y - 5*y - 100 = -3*r, -96 = -3*r + v*y. Is r a composite number?
True
Let g be ((-242)/(-6))/((-3)/9). Let y = g - -218. Is y prime?
True
Suppose -h = o - 2, 3*o + 7*h + 2 = 2*h. Let r = o - 1. Let m(d) = 5*d - 6. Is m(r) a prime number?
True
Suppose -825 = -3*j + 5*h + 361, 5*j = -4*h + 1989. Is j a composite number?
False
Let q(h) = h**3 + h + 55. Let c(u) = 0*u - 4*u + u**2 - 3*u + 0*u. Let p be c(7). Is q(p) a prime number?
False
Let r be (-55)/10 - 2/(-4). Let f = 8 + r. Suppose f*c - 7*c = -124. Is c composite?
False
Let h = -2 + 7. Is h - 8 - (-39 - 1) a composite number?
False
Suppose 1305 = -5*x + 3760. Is x composite?
False
Let v(b) = 64*b**3 + b**2 + b - 1. Let k(s) = s**3 - 10*s**2 - 10*s - 10. Let n be k(11). Is v(n) prime?
False
Suppose -g - 2*g = 0. Let q = -122 + 7. Is (g + 3)/((-5)/q) a composite number?
True
Let x = -6 - -6. Suppose -458 = -4*v - 3*u, 0 = -3*v - 4*u - x*u + 340. Let w = 222 - v. Is w a composite number?
True
Is -46*-2*(-2)/(-4) a prime number?
False
Let j = 3 - 3. Suppose 4*x + 5*c - 31 = 0, -6 = -2*c - j. Is x/10 + (-413)/(-5) a composite number?
False
Let n(a) = 2*a**2 - 13*a - 17. Is n(-14) a prime number?
True
Is (-703)/(-3) + (-1)/(9/(-6)) prime?
False
Let p(g) = -g**2 + 2. Let v be p(-2). Let z be 1 + (-2)/v + 388. Suppose -39 = -4*w + a + 268, 5*a = -5*w + z. Is w composite?
True
Let v(n) = 4*n. Let r be v(1). Suppose 4*y + r = 2*f, -f + 3*y = 1 - 3. Suppose 2*b = -8, 4*l - 